n divisor of 39 and m?
3
Let m = 73 - 48. Let f be 225/18 - 12 - (-98)/4. What is the greatest common factor of m and f?
25
Suppose 4*k + k = -2*w + 247, 0 = -k - 2*w + 51. Calculate the greatest common divisor of 392 and k.
49
Suppose 5*i = -5*h + 6*h + 157, -i - 3*h = -25. Calculate the highest common divisor of 31 and i.
31
Let n(l) = -3*l**2 + 12*l - 4. Let v be n(4). Let f(b) = -b**2 - 10*b + 6. Let c be f(v). What is the greatest common divisor of 30 and c?
30
Suppose 13*g - 14*g - 4 = 0. Let p(v) = -35*v - 8. Let x be p(g). Calculate the highest common factor of 44 and x.
44
Let q(a) = 8*a - 72. Let m be q(9). Let f be (2 - (-3)/(-2))*10. Suppose 95 = -m*d + f*d. What is the greatest common divisor of 19 and d?
19
Let c be (36/15 + -3)*-5. Suppose c*y + 21 = -33. Let j = y + 106. What is the greatest common factor of 22 and j?
22
Let a = -2182 + 3211. Calculate the highest common divisor of 21 and a.
21
Let z = 12 - 4. Suppose t = -z + 34. Calculate the highest common divisor of t and 234.
26
Let q(c) = -c**3 - 3*c - 30. Let u be q(-5). What is the highest common divisor of u and 40?
10
Suppose 3*d - d = 6. Suppose 14 = 3*y + 2. Suppose 0 = -y*z - 0*z + d*t + 143, 0 = -3*z - t + 104. Calculate the highest common divisor of z and 7.
7
Suppose 0 = 5*o - c - 2004, -o = -174*c + 169*c - 420. What is the greatest common divisor of o and 120?
40
Let h(f) = -184*f + 137. Let p be h(-3). What is the highest common divisor of 13 and p?
13
Suppose -4*n + x + 117 = 0, 5*n - 78 = 5*x + 57. What is the highest common divisor of 15 and n?
15
Let f = 1301 + -1247. Calculate the highest common divisor of f and 261.
9
Suppose -5*h - 42 = -7*h - 2*c, -5*c + 45 = 2*h. What is the highest common divisor of 2 and h?
2
Let n be (-1076)/12 - (-2)/(-6). Let g = -57 - n. Let c = 2 + g. Calculate the highest common factor of 7 and c.
7
Suppose 0 = -5*j + 4*m + 10, -3*m = 5*j + m - 10. Suppose -j*f + 1 + 3 = 0. Suppose 0 = -f*u + u + 29. What is the greatest common factor of u and 29?
29
Let c = 9 + -4. Suppose -2*j - 3*o + c + 18 = 0, 0 = -j - 4*o + 4. Let i = 503 + -499. What is the greatest common divisor of j and i?
4
Let r(y) = -3*y**3 + 3*y**3 - y + 12 - y**3 + y**2. Let w be r(0). Suppose -99 = 3*l - 423. Calculate the greatest common divisor of w and l.
12
Let o(i) = -6*i - 5. Let k be o(-17). Let b = 101 + k. Calculate the highest common divisor of 22 and b.
22
Let j(w) = 4*w**2 + 16*w + 33. Let p be j(-10). Calculate the greatest common factor of p and 39.
39
Let p(c) = -c**2 - 4*c + 11. Let n(a) = 3*a + 4. Let w be n(-3). Let s be p(w). Suppose 2*j = s*j - 40. What is the greatest common divisor of j and 30?
10
Let c be (-492)/24*-2 + -8. Let j(g) = -g**3 - 4*g**2 + 3*g + 1. Let k = -10 + 5. Let f be j(k). What is the greatest common factor of c and f?
11
Let v = 200 + 60. What is the highest common divisor of 40 and v?
20
Let t(v) = 14*v + 12. Let h be t(1). Calculate the highest common factor of h and 182.
26
Let h be -1*(-92)/(-20)*-5. Suppose -s + 5*o + h = 0, -2*o + 1 = 3*s - 0*s. Calculate the highest common factor of s and 15.
3
Let a(s) = -2*s - 1. Let r be a(-3). Suppose r*j - 6*j + 86 = 0. Suppose -j + 16 = -5*y. Calculate the greatest common divisor of y and 35.
7
Let k = -85 - -181. Suppose 6*l + 0 = -6. Let c(t) = 24*t**2 + 2*t + 2. Let v be c(l). Calculate the greatest common divisor of k and v.
24
Suppose 0 = -4*h - 21 + 121. Suppose 2*z + 192 = -140. Let t = z - -341. Calculate the greatest common factor of t and h.
25
Let y = -16 + 30. Suppose -8*k + 0*k + 16 = 0. Suppose 2*g - 2*s = -21 + 103, 0 = -k*g - 5*s + 89. What is the highest common divisor of y and g?
14
Let s(u) = -4*u + 196. Let z be s(27). What is the highest common factor of 55 and z?
11
Suppose -5*u - 1 = 5*j - 96, j + 13 = u. Calculate the greatest common factor of u and 144.
16
Let w(x) = -x - 3. Let m be w(4). Let t(u) = u**2 - 9. Let l be t(m). What is the greatest common factor of l and 16?
8
Let m(t) = -18*t + 3. Let q be m(3). Suppose 3*a = 4*f + f - 520, 443 = 4*f + 3*a. Let i = f + q. Calculate the greatest common factor of 7 and i.
7
Suppose -4*a = -332 + 72. Suppose 5*h - 53 = -3*c, -8 = -c + 4*h + 38. What is the greatest common divisor of c and a?
13
Let h = -78 - -79. Suppose 2*y - 15 = 5*u, u - 2 = -h. What is the highest common factor of 80 and y?
10
Let t be ((-6)/12)/(1/(-1064)). Let d = -363 + t. Calculate the highest common divisor of d and 13.
13
Let g = -264 - -558. Calculate the highest common divisor of g and 98.
98
Let s be (2/2)/((-2)/(-72)). Let o(a) = 2*a**2 + 46*a + 206. Let v be o(-19). What is the highest common factor of s and v?
18
Let h be ((-1)/2 - (-9)/2)/2. Suppose h = 5*u - 3, 71 = 5*i - 4*u. What is the highest common divisor of 180 and i?
15
Suppose 3*y - 1512 = -5*m, -296 = -5*m + 4*m + y. Calculate the greatest common divisor of 12 and m.
12
Let y = 4 - 2. Suppose -4*i = 5*q - 296, q - y*q = -2*i - 62. Let w(b) = 6*b**2 - 12*b + 24. Let v be w(2). What is the greatest common factor of q and v?
12
Suppose 81 = 3*g + 15. Suppose 0 = -2*f - 127 + 171. Calculate the greatest common divisor of f and g.
22
Suppose 7*u - 9*u + 2294 = 5*a, -5*u + 5756 = 2*a. Calculate the highest common factor of 24 and u.
24
Let k(l) = -17*l + 33. Let v be k(-10). Let r = -9 - -38. What is the greatest common factor of v and r?
29
Let x be ((-2)/4)/((-5)/530). Let g be (-2)/2 - (-6 - x). Let z be g + -4*4/8. What is the highest common divisor of 8 and z?
8
Let w(g) = -11*g - 67. Let o be w(-6). Let i be ((-1)/(-2) + o)/(4/(-24)). What is the highest common factor of 3 and i?
3
Suppose 8*y - 3*y - 100 = 0. Let c be 76/(-10) - (-28)/(-70). Let k = c - -12. What is the highest common divisor of y and k?
4
Let d(i) = -3*i**2 - 17*i + 5. Let w be d(-6). Let k be (-9)/(-1)*(5 - (2 - w)). What is the highest common factor of 144 and k?
18
Suppose 0 = 34*h - 2*h - 5280. Calculate the highest common divisor of 75 and h.
15
Let y = -1128 - -1303. Calculate the highest common factor of y and 35.
35
Suppose 2*v - r - 2 = 0, -4*v + 8 = -5*v + 5*r. Suppose 35*x + 16 = 5*z + 34*x, 0 = z + x + 4. What is the greatest common factor of z and v?
2
Let c = -2753 + 2765. Calculate the greatest common divisor of 129 and c.
3
Suppose -4*k - 4*n + 488 = 0, 8*n = -3*k + 4*n + 362. Suppose j = 5*c + 14, c - 29 - 13 = -3*j. Calculate the highest common divisor of j and k.
14
Let a(b) = -2*b + 4. Let x be a(1). Let f be -4 + 11 + (-2 - -4) + x. Calculate the greatest common factor of 176 and f.
11
Suppose 2*h = -3*y - h + 369, 2*h = -y + 125. Let b = y - 67. What is the greatest common factor of b and 18?
18
Let l(j) = 2*j**2 + 13*j + 5. Let a be l(-9). What is the highest common divisor of 125 and a?
25
Let z(u) = -u**2 + 7*u + 36. Let p be z(0). Calculate the highest common divisor of p and 774.
18
Suppose -v + 2*m + 88 = 3*v, -2*v + 3*m = -44. Suppose -5*r + 18 = -v. Let q = r - -1. Calculate the greatest common divisor of q and 6.
3
Let f be 15/((-75)/(-10)) - (-22 + -2). Calculate the greatest common divisor of 39 and f.
13
Let c be (162/24)/(3*(-3)/(-48)). Let t = c + -22. Calculate the greatest common factor of 112 and t.
14
Let u = 57 + 8. Suppose -20 = 3*v - u. What is the greatest common factor of v and 165?
15
Suppose 0 = -672*n + 680*n - 1920. Calculate the highest common factor of 75 and n.
15
Let z = 19 + -64. Let f be 52*(z/12 - -4). Calculate the highest common divisor of 91 and f.
13
Let k(n) = 91*n + 14. Let w be k(4). What is the greatest common factor of 21 and w?
21
Let b = -10 - -10. Let a(k) = -6*k**2 - k - k**3 + 7 - 3*k**2 + b*k**3. Let s be a(-9). What is the greatest common divisor of s and 4?
4
Let a(g) = g**3 + 12*g**2 + 24. Suppose 6*r = -0*r - 72. Let l be a(r). Calculate the highest common factor of 48 and l.
24
Let z = -1064 + 1071. What is the highest common divisor of 12 and z?
1
Let d be 23/(69/162) - -1. What is the highest common factor of d and 275?
55
Let h be (8/(-12))/((-34)/36 + 1). Let m be (-3)/h + 7/4 - -6. Calculate the highest common factor of 16 and m.
8
Suppose -30 = -176*p + 170*p. Let k be -4*(1*-3)/6. Let j(r) = 8*r - 1. Let f be j(k). Calculate the highest common factor of f and p.
5
Let a(f) = 21*f**2 + f. Let z be a(-1).